 Determine b(1).
-357
Let r(a) = -305*a + 2120. Determine r(7).
-15
Let v(l) = 4*l**2 - 55*l + 22. What is v(16)?
166
Let r(t) = 130*t - 9426. What is r(72)?
-66
Let c(h) = 726*h - 764. Give c(1).
-38
Let w(x) = x**2 - x + 63. Calculate w(0).
63
Let h(z) = -z**3 + 4*z**2 + 16*z - 6. Determine h(-4).
58
Let o(j) = 16330*j - 48991. What is o(3)?
-1
Let x(m) = 2*m**3 - 51*m**2 - 337*m - 155. What is x(-5)?
5
Let h(x) = 21*x + 719. Determine h(-44).
-205
Let w(u) = u**3 - 9*u**2 - 15. Determine w(4).
-95
Let k(o) = -2*o**3 + 59*o**2 + 15*o + 457. Determine k(30).
7
Let b(n) = -n**3 + 18*n**2 + 61*n + 35. Calculate b(21).
-7
Let k(q) = -q**3 - 82*q**2 + 75*q - 694. Give k(-83).
-30
Let z(p) = p - 49. Determine z(8).
-41
Let u(f) = 32*f**3 - 3*f**2 + 23*f + 46. Give u(-2).
-268
Let g(b) = b**2 - 13*b - 116. Give g(22).
82
Let x(z) = -z**3 - 50*z**2 + 183*z - 5. Give x(4).
-137
Let a(j) = -6*j - 187. Determine a(-16).
-91
Let i(a) = -94*a - 8777. Determine i(-93).
-35
Let c(d) = 3*d**3 - 227*d**2 + 222*d - 5399. Determine c(75).
1
Let a(u) = -3*u**2 + 5564*u + 11133. What is a(-2)?
-7
Let i(q) = q**3 - 15*q**2 - 21*q - 54. Give i(16).
-134
Let k(h) = -h**3 - 17*h**2 - 12*h + 50. What is k(-16)?
-14
Let j(x) = -49*x**2 - 647*x - 116. What is j(-13)?
14
Let h(k) = k**2 - 20*k - 12. Calculate h(23).
57
Let r(b) = -b**3 - 24*b**2 + 57*b + 801. What is r(-25)?
1
Let d(a) = -a**2 + 16*a - 290. What is d(18)?
-326
Let t(m) = -5*m + 39. What is t(11)?
-16
Let h(i) = 10*i + 44. What is h(6)?
104
Let x(q) = 251*q**3 - 19*q**2 - 18*q. What is x(-1)?
-252
Let x(s) = -6868*s + 13732. Give x(2).
-4
Let a(h) = -h**2 - 67*h - 867. What is a(-17)?
-17
Let b(v) = 8*v**2 - 829*v - 828. Give b(-1).
9
Let h(x) = -110*x - 89. Give h(-1).
21
Let j(a) = a**3 - 9*a**2 + 9*a - 34. Give j(10).
156
Let k(u) = 227*u + 7041. Give k(-31).
4
Let x(y) = -9*y**3 - y**2 - 15*y - 17. Calculate x(-2).
81
Let k(n) = 3*n**3 - 9*n**2 - 13*n + 43. Give k(2).
5
Let g(w) = 26*w - 680. What is g(29)?
74
Let d(a) = -4*a + 260. What is d(-12)?
308
Let l(j) = j**2 + 9*j - 119. Give l(-18).
43
Let h(x) = -29*x + 15. What is h(2)?
-43
Let l(p) = -3795*p + 83. Determine l(0).
83
Let w(u) = -u**3 + 16*u**2 - 25*u + 2. Determine w(13).
184
Let i(r) = -810*r - 5672. What is i(-7)?
-2
Let a(y) = y**3 + 20*y**2 + 69*y + 85. Calculate a(-16).
5
Let b(h) = 4*h**2 - 74*h - 838. What is b(-8)?
10
Let x(j) = j**3 - 32*j**2 + 61*j + 76. Calculate x(3).
-2
Let m(x) = 5*x**3 + 11*x**2 + 2*x - 8. What is m(-2)?
-8
Let v(g) = 2*g**3 - 33*g**2 - 58*g + 7. Calculate v(18).
-65
Let y(a) = 12*a**2 + 44*a + 44. Give y(-1).
12
Let o(w) = -7*w**2 - 152*w - 66. Calculate o(-21).
39
Let f(b) = -b**2 + 5*b + 3. What is f(-4)?
-33
Let w(d) = 73*d - 6046. Give w(82).
-60
Let o(v) = -41*v + 1434. Give o(36).
-42
Let x(t) = -16*t**2 + 137*t + 68. Determine x(9).
5
Let c(j) = 4*j + 6. Give c(6).
30
Let y(t) = 31*t - 119. What is y(9)?
160
Let g(a) = 270*a + 13205. Give g(-49).
-25
Let h(d) = -105*d + 5279. Give h(51).
-76
Let l(v) = -2*v + 198. What is l(31)?
136
Let b(z) = z**3 + 102*z**2 + 582*z + 569. What is b(-96)?
-7
Let t(l) = -253*l + 1588. Determine t(6).
70
Let j(l) = 2*l**2 - 16*l - 132. Calculate j(-5).
-2
Let j(f) = f**2 + 4*f - 16. Determine j(-7).
5
Let r(u) = 2*u**2 + 69*u + 604. Determine r(-17).
9
Let l(k) = 25*k + 175. Calculate l(-7).
0
Let j(t) = t**3 + 5*t**2 - 29*t - 26. Give j(-9).
-89
Let g(q) = -q**2 + 154. Give g(-15).
-71
Let f(u) = 131*u - 312. Give f(9).
867
Let f(b) = -b**3 - 37*b**2 - 74*b - 142. Determine f(-35).
-2
Let g(t) = -2*t**3 + 3*t**2 + 190*t - 379. Give g(2).
-3
Let l(b) = 147*b**3 + 3*b**2 + 16*b - 19. Calculate l(1).
147
Let y(j) = -3*j**2 + 87*j - 95. Determine y(23).
319
Let j(q) = 3*q**2 + 103*q + 393. Determine j(-30).
3
Let f(b) = -b**2 - 3132*b + 28260. Determine f(9).
-9
Let s(z) = 207*z + 14042. What is s(-68)?
-34
Let z(h) = h**3 + 10*h**2 + 17*h - 13. Determine z(-3).
-1
Let a(o) = o**3 - 7*o**2 - 8*o + 14. Give a(8).
14
Let u(o) = -4*o**2 + 2*o + 79. Determine u(0).
79
Let q(d) = -d**3 - 43*d**2 - 153*d + 13. Give q(-4).
1
Let p(z) = 16*z + 639. Give p(-86).
-737
Let f(g) = g**2 - 36*g - 118. Calculate f(38).
-42
Let k(l) = -115*l + 475. Determine k(9).
-560
Let n(r) = -13*r**2 + 393*r - 42. What is n(31)?
-352
Let a(z) = 15*z + 64. Determine a(-4).
4
Let q(t) = -86*t**2 + 9889*t + 126. Give q(115).
11
Let y(u) = -1412*u + 14148. Calculate y(10).
28
Let j(c) = 48*c**2 - 3*c + 6. Determine j(2).
192
Let x(s) = s**2 + 20*s + 22. What is x(-11)?
-77
Let j(m) = -69*m**2 - 7314*m + 3. Calculate j(-106).
3
Let f(n) = 44*n - 1757. What is f(42)?
91
Let t(l) = 47*l - 827. Calculate t(16).
-75
Let p(h) = -h**3 - 16*h**2 + 11*h + 21. What is p(-16)?
-155
Let z(u) = -2*u**2 - 37*u + 98. What is z(0)?
98
Let v(k) = 26*k**3 + 125*k**2 + 127*k + 3. Determine v(-1).
-25
Let y(t) = -t**2 - 14*t + 40. Determine y(-18).
-32
Let v(o) = -9*o**3 - o**2 - 5*o. Give v(0).
0
Let x(j) = 2*j**3 - 127*j**2 + 87*j - 1500. Calculate x(63).
12
Let y(a) = 567*a + 10770. What is y(-19)?
-3
Let y(o) = -o**2 - 215*o - 1516. What is y(-7)?
-60
Let l(o) = -o**3 - 117*o**2 + 117*o - 141. What is l(-118)?
-23
Let i(n) = 1602*n + 7999. Give i(-5).
-11
Let r(x) = 48*x - 4996. Determine r(104).
-4
Let k(v) = v**3 - 116*v**2 + 3136*v + 88. Determine k(43).
-41
Let s(b) = -b**3 + 2*b**2 - 453*b + 2341. Give s(5).
1
Let x(d) = -37*d - 12. What is x(1)?
-49
Let p(y) = y**2 + 33*y + 264. Give p(-16).
-8
Let g(w) = w**3 + 18*w**2 + 15*w - 38. Give g(-17).
-4
Let p(m) = -122*m**3 - 6*m**2 + 9*m - 2. What is p(1)?
-121
Let k(o) = 3*o**3 - 81*o**2 - 718*o + 5. What is k(-7)?
33
Let z(f) = -2*f**2 - 10*f + 30. Calculate z(-16).
-322
Let u(k) = -5*k**2 - 7*k + 18. Determine u(5).
-142
Let r(n) = -n**3 - 16*n**2 - 2*n - 19. Determine r(-16).
13
Let t(x) = -8*x**2 + 8*x - 70. What is t(0)?
-70
Let u(i) = -228*i + 1154. Calculate u(5).
14
Let s(c) = 257*c + 25454. Determine s(-99).
11
Let z(s) = -1164*s + 6937. Give z(6).
-47
Let s(y) = -7*y**2 + 127*y - 472. What is s(7)?
74
Let u(h) = -29*h**2 - 873*h + 803. What is u(-31)?
-3
Let s(t) = -2*t**3 + 10*t**2 + 13*t + 8. Give s(6).
14
Let n(v) = -v**2 + 10*v + 1340. What is n(-32)?
-4
Let r(c) = -298*c - 270. Determine r(-1).
28
Let a(f) = -3*f**2 - 13*f - 2. Give a(-8).
-90
Let f(t) = -t**3 - 17*t**2 - 10*t - 16. Determine f(-17).
154
Let k(b) = -b**3 - 31*b**2 + 30*b - 29. Give k(-32).
35
Let n(q) = 6*q**3 + 164*q**2 + 57*q + 47. What is n(-27)?
-34
Let t(q) = -10*q**2 + 14*q + 240. What is t(-8)?
-512
Let f(a) = -2*a**3 - 6*a**2 + a - 18. Determine f(-5).
77
Let n(i) = i**3 - 61*i**2 - 260*i - 2. What is n(-4)?
-2
Let l(f) = 541*f + 557. Calculate l(0).
557
Let t(o) = 187*o - 5053. Calculate t(27).
-4
Let h(q) = -4768*q - 57209. What is h(-12)?
7
Let y(f) = -8*f**2 - 1952*f + 1952. Calculate y(1).
-8
Let h(b) = -b**2 + 2*b + 138. What is h(-14)?
-86
Let z(p) = 64*p - 662. What is z(10)?
-22
Let t(g) = g**3 + 20*g**2 - 64*g - 847. Give t(-21).
56
Let r(f) = f**3 - 14*f**2 + 32*f - 250. Determine r(13).
-3
Let t(j) = 11*j**3 + 10*j**2 - 3*j - 14. What is t(-3)?
-212
Let u(y) = y**3 - 35*y**2 + 147*y + 84. What is u(30)?
-6
Let g(b) = b**2 + 284*b + 1115. Give g(-4).
-5
Let x(j) = 63*j + 3497. Determine x(-56).
-31
Let b(p) = -p**3 + 69*p**2 + 214*p + 146. Calculate b(72).
2
Let i(k) = -15*k + 413. What is i(15)?
188
Let t(h) = 21*h**2 + 6*h - 5. What is t(-1)?
10
Let b(y) = 17*y - 232. Calculate b(3).
-181
Let m(f) = 12*f + 72. What is m(-8)?
-24
Let r(h) = -35*h + 312. What is r(0)?
312
Let l(j) = 8*j**2 - 9*j - 16. Calculate l(-5).
229
Let r(g) = -2*g**2 + 31*g + 421. Determine r(20).
241
Let l(t) = 3*t**3 + 11*t**2 + 25*t + 112. Calculate l(-7).
-553
Let y(x) = -8*x**2 + 401*x + 131. Calculate y(49).
572
Let y(x) = 7*x**2 - 60*x + 32. Calculate y(6).
-76
Let o(r) = r**3 + 20*r**2 + 6*r - 10. Determine o(-19).
237
Let t(n) = -n**3 + 7*n**2 - 50*n + 818. Determine t(10).
18
Let p(i) = -2*i**2 + 14*i + 42. Give p(8).
26
Let o(i) = 8*i**3 - 2*i**2 + 20*i - 57. Give o(3).
201
Let v(o) = 2311*o + 6919. What is v(-3)?
-14
Let h(q) = q**3 + 18*q**2 - 19*q + 51. Give h(-19).
51
Let j(u) = u**2 + 432*u + 6661. Calculate j(-16).
5
Let g(m) = -10*m + 64. What is g(-12)?
184
Let a(g)